{"id":18,"date":"2017-01-12T11:51:58","date_gmt":"2017-01-12T11:51:58","guid":{"rendered":"http:\/\/drtopic.com\/?page_id=18"},"modified":"2021-02-28T17:04:56","modified_gmt":"2021-02-28T17:04:56","slug":"linkovi","status":"publish","type":"page","link":"https:\/\/drtopic.com\/?page_id=18","title":{"rendered":"LINKOVI"},"content":{"rendered":"<p>Dru\u0161tvo privatnih doktora stomatologije Srbije:<\/p>\n<p><a href=\"http:\/\/www.stomkoms.org\/\">http:\/\/www.stomkoms.org\/<\/a><\/p>\n<p>Stomatolo\u0161ki Glasnik Srbije:<\/p>\n<p><a href=\"http:\/\/stomatoloskiglasnik.rs\/\">http:\/\/stomatoloskiglasnik.rs\/<\/a><\/p>\n<p>Stomatolo\u0161ki Fakultet, Beograd:<\/p>\n<p><a href=\"http:\/\/www.stomf.bg.ac.rs\/\">http:\/\/www.stomf.bg.ac.rs\/<\/a><\/p>\n<p>Hrvatska stomatolo\u0161ka komora:<\/p>\n<p><a href=\"http:\/\/www.hsk.hr\/\">http:\/\/www.hsk.hr\/<\/a><\/p>\n<p>Hrvatsko stomatolo\u0161ko dru\u0161tvo:<\/p>\n<p><a href=\"https:\/\/www.hlz.hr\/\">http:\/\/www.kbd.hr\/hsd\/<\/a><\/p>\n<p>Stomatolo\u0161ki fakultet Sveu\u010dili\u0161ta u Zagrebu:<\/p>\n<p><a href=\"http:\/\/www.sfzg.hr\/\">http:\/\/www.sfzg.hr\/<\/a><\/p>\n<p>American Dental Association:<\/p>\n<p><a href=\"http:\/\/www.ada.org\/\">http:\/\/www.ada.org\/<\/a><\/p>\n<p>European Dental Industry:<\/p>\n<p><a href=\"http:\/\/www.fide-online.org\/\">http:\/\/www.fide-online.org\/<\/a><\/p>\n<p>Association for Dental Education in Europe:<\/p>\n<p><a href=\"https:\/\/www.adee.org\/\">http:\/\/adee.dental.tcd.ie\/<\/a><\/p>\n<p>European Association of Dental Public Health:<\/p>\n<p><a href=\"http:\/\/www.dundee.ac.uk\/eadph\/\">http:\/\/www.dundee.ac.uk\/eadph\/<\/a><\/p>\n","protected":false},"excerpt":{"rendered":"<p>Dru\u0161tvo privatnih doktora stomatologije Srbije: http:\/\/www.stomkoms.org\/ Stomatolo\u0161ki Glasnik Srbije: http:\/\/stomatoloskiglasnik.rs\/ Stomatolo\u0161ki Fakultet, Beograd: http:\/\/www.stomf.bg.ac.rs\/ Hrvatska stomatolo\u0161ka komora: http:\/\/www.hsk.hr\/ Hrvatsko stomatolo\u0161ko dru\u0161tvo: http:\/\/www.kbd.hr\/hsd\/ Stomatolo\u0161ki fakultet Sveu\u010dili\u0161ta u Zagrebu: http:\/\/www.sfzg.hr\/ American Dental Association: http:\/\/www.ada.org\/ European Dental Industry: http:\/\/www.fide-online.org\/ Association for Dental Education in Europe: http:\/\/adee.dental.tcd.ie\/ European Association of Dental Public Health: http:\/\/www.dundee.ac.uk\/eadph\/<\/p>\n","protected":false},"author":1,"featured_media":0,"parent":0,"menu_order":0,"comment_status":"closed","ping_status":"closed","template":"","meta":[],"_links":{"self":[{"href":"https:\/\/drtopic.com\/index.php?rest_route=\/wp\/v2\/pages\/18"}],"collection":[{"href":"https:\/\/drtopic.com\/index.php?rest_route=\/wp\/v2\/pages"}],"about":[{"href":"https:\/\/drtopic.com\/index.php?rest_route=\/wp\/v2\/types\/page"}],"author":[{"embeddable":true,"href":"https:\/\/drtopic.com\/index.php?rest_route=\/wp\/v2\/users\/1"}],"replies":[{"embeddable":true,"href":"https:\/\/drtopic.com\/index.php?rest_route=%2Fwp%2Fv2%2Fcomments&post=18"}],"version-history":[{"count":13,"href":"https:\/\/drtopic.com\/index.php?rest_route=\/wp\/v2\/pages\/18\/revisions"}],"predecessor-version":[{"id":165,"href":"https:\/\/drtopic.com\/index.php?rest_route=\/wp\/v2\/pages\/18\/revisions\/165"}],"wp:attachment":[{"href":"https:\/\/drtopic.com\/index.php?rest_route=%2Fwp%2Fv2%2Fmedia&parent=18"}],"curies":[{"name":"wp","href":"https:\/\/api.w.org\/{rel}","templated":true}]}}