{"id":46,"date":"2017-01-12T11:55:05","date_gmt":"2017-01-12T11:55:05","guid":{"rendered":"http:\/\/drtopic.com\/?page_id=46"},"modified":"2021-12-26T14:31:55","modified_gmt":"2021-12-26T14:31:55","slug":"kontakt","status":"publish","type":"page","link":"https:\/\/drtopic.com\/?page_id=46","title":{"rendered":"KONTAKT"},"content":{"rendered":"<p>\u00a0<\/p>\n<p>Ulica Veljka Milankovi\u0107a 4<br \/>78430 Prnjavor RS-BiH<br \/>Tel: +387 (0) 51 663 612<\/p>\n<p>Prije dolaska obavezno zaka\u017eite pregled kako biste izbjegli nepotrebno vrijeme provedeno u \u010dekaonici.<\/p>\n<p>Za ostale informacije slobodno nas kontaktirajte putem telefona ili na mail: info@drtopic.com<\/p>\n\n\n<p>&nbsp;<\/p>\n\n\n\n<p>&nbsp;<\/p>\n\n\n\n<p>&nbsp;<\/p>\n\n\n\n<p>&nbsp;<\/p>\n\n\n\n<p>&nbsp;<\/p>\n\n\n\n<p>&nbsp;<\/p>\n\n\n\n<p>&nbsp;<\/p>\n\n\n\n<p>&nbsp;<\/p>\n","protected":false},"excerpt":{"rendered":"<p>\u00a0 Ulica Veljka Milankovi\u0107a 478430 Prnjavor RS-BiHTel: +387 (0) 51 663 612 Prije dolaska obavezno zaka\u017eite pregled kako biste izbjegli nepotrebno vrijeme provedeno u \u010dekaonici. Za ostale informacije slobodno nas kontaktirajte putem telefona ili na mail: info@drtopic.com &nbsp; &nbsp; &nbsp; &nbsp; &nbsp; &nbsp; &nbsp; &nbsp;<\/p>\n","protected":false},"author":1,"featured_media":0,"parent":0,"menu_order":0,"comment_status":"closed","ping_status":"closed","template":"","meta":[],"_links":{"self":[{"href":"https:\/\/drtopic.com\/index.php?rest_route=\/wp\/v2\/pages\/46"}],"collection":[{"href":"https:\/\/drtopic.com\/index.php?rest_route=\/wp\/v2\/pages"}],"about":[{"href":"https:\/\/drtopic.com\/index.php?rest_route=\/wp\/v2\/types\/page"}],"author":[{"embeddable":true,"href":"https:\/\/drtopic.com\/index.php?rest_route=\/wp\/v2\/users\/1"}],"replies":[{"embeddable":true,"href":"https:\/\/drtopic.com\/index.php?rest_route=%2Fwp%2Fv2%2Fcomments&post=46"}],"version-history":[{"count":20,"href":"https:\/\/drtopic.com\/index.php?rest_route=\/wp\/v2\/pages\/46\/revisions"}],"predecessor-version":[{"id":211,"href":"https:\/\/drtopic.com\/index.php?rest_route=\/wp\/v2\/pages\/46\/revisions\/211"}],"wp:attachment":[{"href":"https:\/\/drtopic.com\/index.php?rest_route=%2Fwp%2Fv2%2Fmedia&parent=46"}],"curies":[{"name":"wp","href":"https:\/\/api.w.org\/{rel}","templated":true}]}}